t is the tens digit of (-644)/(-6) + (p/f - -6)?
0
Suppose 2*n + 3*d - 24 = 0, -3*n - 4*d + 28 = -6. Let w(p) = -p**2 + 8*p - 8. Let s be w(n). What is the units digit of ((-66)/s)/(2/(-4))?
3
Let q(y) = -32*y**3 + 29*y**2 + 364*y + 30. What is the ten thousands digit of q(-9)?
2
What is the tens digit of (-4224)/(-224)*((-1022)/(-4) - 0)?
1
Let a(n) = -9*n**3 - 4*n**3 + 13*n**3 + 15*n**2 + 5 - n**3 - 21*n. What is the hundreds digit of a(9)?
3
What is the tens digit of 1246*819/306 + 10/85?
3
Let a(t) = -13*t**2 - 23*t - 31. Let z(w) = -3*w**2 + 2 + 7 - 18 + 1 - 6*w. Let j(n) = -2*a(n) + 9*z(n). What is the units digit of j(-5)?
5
Suppose 4*z - w = 27541, 7*z - 9*z - w = -13763. What is the thousands digit of z?
6
Let i(r) = r**2 + r - 12. Suppose 5*m - 11 = -76. Let o be i(m). Suppose j - 3*j = -o. What is the tens digit of j?
7
Let y be (-2730)/25*(-50)/15. What is the units digit of ((-228)/(-8))/(21/y)?
4
Let v = -29 + 15. Let q(i) = i**3 + 15*i**2 + 11*i - 13. Let z be q(v). Let c = 73 + z. What is the hundreds digit of c?
1
Suppose -k - 5*v = -13336, 56*k - 60*k = v - 53268. What is the ten thousands digit of k?
1
Suppose 2*n - p - 1 = 0, 6 + 4 = 2*n - 4*p. Suppose 4*s - 149 = -3*j + 8*j, -s + 3*j + 46 = 0. Let d = n + s. What is the tens digit of d?
3
Suppose 7*v = 9*v - 18. Let w(b) = -b**2 + 9*b + 6. Let y be w(v). What is the tens digit of (-4*y/(-5))/((-24)/(-80))?
1
Let c(s) be the third derivative of -s**6/60 - 2*s**5/15 + s**4/24 + 7*s**3/6 - 3*s**2. Suppose -12*x - 35 = 37. What is the tens digit of c(x)?
4
Let o(f) = -6770*f - 713. What is the hundreds digit of o(-2)?
8
Let t(o) = o**2 + 2*o + 7. Let l be t(0). Suppose 0 = 8*d - l - 41. Let w = 21 - d. What is the units digit of w?
5
Suppose l - 3*j - 5993 = 0, -104*j = 4*l - 108*j - 23940. What is the units digit of l?
1
Let n = -406 - -4248. What is the units digit of n?
2
Let z = 267 + -180. Let w be 3/(3/4) - z. Let f = -60 - w. What is the tens digit of f?
2
Let g(d) = 48*d**3 + 4*d**2 + 5*d + 9. Let s be g(-4). Let k = -1591 - s. What is the hundreds digit of k?
4
Let x(v) = 10*v**2 + 18*v + 32. Let k be x(-2). Suppose k*l - 26*l = 9260. What is the hundreds digit of l?
9
Suppose 27*q = 234986 + 31720. What is the thousands digit of q?
9
Suppose 3*d - 11537 = -2*v, -2*v - 4*d + 11567 = -7*d. What is the hundreds digit of v?
7
Let v(k) = k**3 - 13*k**2 + 120*k - 92. What is the tens digit of v(24)?
2
What is the ten thousands digit of 64793 - (-207)/(-46)*4?
6
Suppose -8*f + 84 = 4*f. Suppose -3*h - 4*c = -41, 3*c - c + f = h. Suppose h*r - 201 = 591. What is the tens digit of r?
7
Suppose 0 = -0*d - 3*d + 12. Let y = 8620 - -1622. What is the tens digit of ((-6)/d)/(3 - y/3408)?
8
Suppose -73*f - 16689 + 163868 + 194461 = 0. What is the tens digit of f?
8
Let i(t) be the first derivative of 69/2*t**2 + 15 + t. What is the tens digit of i(2)?
3
What is the hundreds digit of (-10)/(-1) + 2999 - (0 - 5)?
0
Let v = 2242 + 3749. What is the thousands digit of v?
5
Let s(h) = 9*h + 28. Let z be s(-8). Let j = -72 - z. Let c = j - -32. What is the units digit of c?
4
Suppose 73*c - 78941 = -4*g + 72*c, 3*c = -4*g + 78935. What is the thousands digit of g?
9
Suppose -10 = -5*d, -3*d - d + 17 = 3*q. Suppose q = 3*p - 39. Suppose -3*i - 15 = -3*u - 3, -4*i - 2*u + p = 0. What is the units digit of i?
1
Let p(d) = 3*d**2 + 4*d - 2*d + d - d + 1. Suppose 0 = -4*n - 8, -9*v - 4*n - 13 = -14*v. What is the units digit of p(v)?
6
Let p(x) be the second derivative of x**5/20 + 19*x**4/12 - 2*x**3/3 - 10*x**2 + x + 4. What is the hundreds digit of p(-9)?
8
Suppose -u - 3*b + 27185 = b, b = 4*u - 108672. What is the units digit of u?
9
Suppose 2*i = o - 195, i + o + 201 = -i. Suppose 0 = 28*b - 245 - 4179. Let x = b + i. What is the tens digit of x?
5
Suppose -230 = 5*o - 7*o. Suppose 5*z + o = 10*z. What is the tens digit of z?
2
What is the hundreds digit of (((-144)/108)/((-2)/48))/((-36)/(-33192))?
5
Suppose -1 = m - 2, -7 = -2*b + 3*m. Suppose b*w - 16 - 14 = 0. What is the units digit of 1 - w/8 - (-3185)/28?
4
Let y(r) be the first derivative of -1/3*r**3 + 34*r - 1/2*r**2 - 18 + 1/4*r**4. What is the units digit of y(0)?
4
Let b be (44/(-55))/(2/(-140)). Let r = 144 - b. What is the units digit of r?
8
Suppose -811*k = -793*k - 69264. What is the thousands digit of k?
3
Suppose -9*y + 160 = y. Suppose y = p + 3*p. Suppose 2*n - 164 = -4*m, 3*n - p*m + 328 = 7*n. What is the units digit of n?
2
Let r(x) = 11*x**3 - 6*x**2 + 95*x - 6. Let n(t) = 14*t**3 - 6*t**2 + 96*t - 5. Let y(u) = 4*n(u) - 5*r(u). What is the tens digit of y(8)?
7
Let j = -135 - -55. Let r = j - -82. What is the tens digit of 143 + r*3/(-6)?
4
Let f be (-6)/18 + 18476/6. Suppose -9*o + 188 + f = 0. What is the units digit of o?
3
Suppose -1140 = -4*u - 212. Suppose -57 = m + 44. Let v = u + m. What is the tens digit of v?
3
Suppose 18*k - 19*k + 4*m = 8, 2*k - 2*m - 2 = 0. Suppose -k*r + 13*r - 3537 = 0. What is the units digit of r?
3
Suppose -w = -5*n - 3499, 22*w - 23*w = -2*n - 3484. What is the hundreds digit of w?
4
Let f = 18588 + -11119. What is the units digit of f?
9
Let o(b) = 403*b + 13. Let s be o(3). Let j = s + -706. What is the units digit of j?
6
What is the tens digit of 0 + (54/((-9)/(-1)))/(18/51060)?
2
Suppose f = -2*r + 51355, -2525*r = -4*f - 2522*r + 205332. What is the units digit of f?
9
Suppose -4*t = 81*m - 77*m - 129804, -t = 3*m - 97359. What is the ten thousands digit of m?
3
Suppose 5*c = 7*c + 13*c. Suppose 0*d - 5*d + 60 = -5*b, c = 3*d - 5*b - 30. What is the tens digit of d?
1
Suppose 111*k + 219664 = 115*k + 2*f, 5*k - 5*f - 274520 = 0. What is the ten thousands digit of k?
5
Let f(g) = -4*g - 20. Let h be (-3)/(48/(-28))*-4. Let z be f(h). Suppose 396 = -5*b + z*b. What is the hundreds digit of b?
1
Let w(t) = 3747*t**2 - 96*t + 95. What is the units digit of w(1)?
6
Let j(h) = -26*h + 9. Let y be j(6). Let l be (-6)/3 - (y - (-1)/1). Let o = -103 + l. What is the units digit of o?
1
Suppose 883 = 3*o - 209. Suppose 0 = 4*w - h - 1508, -4*w - 3*h + o = -3*w. What is the tens digit of w?
7
Let b be (0 - 1)/(((-45)/170)/9). Let z = 38 - b. What is the tens digit of 47 + z + -5 + -2?
4
Let v be (-2 + 1/(-2))/(2/(-4)). Suppose 3*c - 140 + 19 = -4*k, 0 = k - v*c - 13. What is the tens digit of k?
2
Suppose 0 = 16*z - 5*z - 22. What is the tens digit of z + (34/(-4))/(30/(-360))?
0
Let k(i) = -30*i**2 + i - 7. Let h be k(2). Let t = h + 127. Suppose -t*v + 153 = -49. What is the hundreds digit of v?
1
Let n(u) = -8*u - 4. Let f be n(-3). Let r be (12/15)/(2 + (-42)/f). What is the tens digit of -27*4/8*r?
0
Suppose -3*d - 166 = -1. Let w = -16 + d. Let q = w - -117. What is the units digit of q?
6
Let a(k) = -66*k + 1813. What is the hundreds digit of a(-19)?
0
Suppose 0 = -206*g + 1413910 + 2062752. What is the hundreds digit of g?
8
Suppose -295*s - 51606 = -298*s. What is the ten thousands digit of s?
1
Let n(y) = -2*y**3 - y**2 + 3*y - 2. Let m be n(-2). Suppose -5*z - m*u + 1524 = 0, -121 = -z + 4*u + 203. What is the tens digit of z?
0
Let k = 104 - 133. Let a be (576/(-84))/(2/(-14)). Let l = k + a. What is the units digit of l?
9
Suppose -o = b, 4*b + 7*o - 2*o = 0. Let g(l) = -99*l + 18. Let n be g(-6). Suppose b*q + n = 6*q. What is the tens digit of q?
0
Let w = 69 + -29. Let s be (-122)/(-14) - 0 - (-2)/7. Let y = w - s. What is the tens digit of y?
3
Suppose -3*b - 21 = 0, -57*s + 54*s + 19577 = b. What is the hundreds digit of s?
5
Let y(f) = -5*f**3 + f. Let d be y(-1). Suppose -d*v + 60 = -144. Suppose v = 7*g - 607. What is the units digit of g?
4
Suppose 11*j = 216*j - 6249630. What is the tens digit of j?
8
Let j = 65456 - 35500. What is the thousands digit of j?
9
Let i = -3003 + 8380. What is the tens digit of i?
7
Let l(g) = g**3 - 7*g**2 - 9*g + 2. Let o be l(6). Let t(y) = 8*y + 9. Let v be t(-2). Let m = v - o. What is the units digit of m?
1
Let k = 41577 + -17319. What is the tens digit of k?
5
Let v(i) = -i**3 + 3*i**2 + 10*i - 18. Let s be v(4). Suppose s*u - 35 = -11. Suppose -u*r + 268 = 5*d - 2*d, -5*d - 172 = -3*r. What is the units digit of r?
4
Let q(w) be the first derivative of -1/4*w**4 + 4*w + 5 + 8/3*w**3 + 13/2*w**2. What is the units 